2*j + 3*l, -5*j + l = -k. What is the greatest common factor of j and 10?
10
Let p be (7/(-14))/((-1)/2)*-3. Let r be 250/10 - (0 + p). What is the greatest common divisor of 14 and r?
14
Let q = 359 + -343. Let t(w) = w**2 + 43. Let i be t(0). Let s = i - q. Calculate the greatest common factor of s and 9.
9
Let y be 6041/28 - 3/(-12). What is the highest common divisor of y and 8?
8
Suppose 5 = -w, 5*g - 5*w + 259 = 9*g. What is the highest common divisor of g and 284?
71
Let q = 48 - 3. Let x be (-8)/(-4) + 16*1. Calculate the greatest common factor of q and x.
9
Suppose -14 = -5*f - m, -2*f + 4*m = -7 - 3. Suppose 0 = -2*w + 5*w - f. Suppose 2*l - w - 1 = 0. Calculate the highest common factor of l and 1.
1
Suppose 4*j = 3*m + 39, 0*j - 26 = -3*j - m. Let b be (j/18)/(1/64). Let n be 2*(2/(-2) - -3). What is the highest common factor of b and n?
4
Let b(p) = -p**3 + 8*p**2 - 6*p. Let y be b(4). Suppose -817*j + 64 = -813*j. What is the greatest common divisor of j and y?
8
Suppose 0 = 2*f - 3*g - 90, -31*g + 129 = 3*f - 34*g. Let o = -21 + 99. Calculate the greatest common divisor of f and o.
39
Let a = -970 - -985. What is the highest common factor of a and 645?
15
Let a(n) = 4*n - 3. Let l be a(4). Suppose -2*q + 292 = 58. Calculate the greatest common factor of q and l.
13
Let x be 12 + 0 - (12 - 15). Let k be 3/(4 + x/(-6)). What is the highest common divisor of 16 and k?
2
Let t(f) = -2*f**3 - f + 3. Let q be t(-4). Let g(s) = -s**2 - 31*s - 144. Let y be g(-22). What is the greatest common factor of y and q?
27
Let c = 257 - 235. What is the greatest common divisor of c and 55?
11
Let o be (72/(-14))/((54/(-84))/3). Suppose -242 = -4*c + 526. Calculate the highest common factor of o and c.
24
Let v(b) be the first derivative of 2*b**3/3 + b**2/2 - b + 2. Let f be v(3). Suppose 3*p - 18 - 102 = 0. What is the greatest common factor of p and f?
20
Let q be (4/14)/(11/77). Suppose -3*p = q*y - 58, -36 = -0*p - 2*p - 2*y. What is the highest common factor of p and 11?
11
Let y be (3 + -7)/(1 - 33/35). Let m = -59 - y. Calculate the highest common factor of m and 88.
11
Suppose -2*p = 3*p + 30. Let l be (-44)/p*(-6)/(-2). Suppose 4*d + 16 = 0, 3*d + 18 = -r - 2*d. What is the greatest common divisor of r and l?
2
Let o be 15/(-6) + 210/(-20)*-1. Calculate the greatest common factor of o and 38.
2
Suppose 5*w = 2*w + 3525. Suppose -5*t - 455 = -w. Calculate the highest common divisor of 18 and t.
18
Let n be 46/12 - (-1)/6. Suppose -s + n*x + 265 = -19, -3*x = 5*s - 1512. Calculate the greatest common divisor of s and 30.
30
Let t(k) = -k + 48. Let q be t(16). Suppose a - 4*c = -4, 2*a + 4*c + 28 = 7*a. Calculate the greatest common divisor of a and q.
8
Suppose o = 2*n - 23, 4*n - 3*o = 8 + 33. Let k(t) = t**3 - 5*t**2 - 8*t - 9. Let q be k(7). Let i = q - n. Calculate the highest common factor of i and 38.
19
Let s be (-3)/21 - 41*1/7. Let w be 42 + (-3)/s*8. Suppose -104 = -4*j + 3*v, -5*j + 3*v + 2*v = -135. Calculate the greatest common divisor of j and w.
23
Let a = -6 - 5. Let z(m) = -3*m - 90. Let p be z(-23). Let w = a - p. What is the greatest common divisor of w and 5?
5
Let t(g) = -g + 7. Let b be t(5). Suppose -i = -b*z - 31, 87 = 5*i - 2*i - 3*z. What is the greatest common divisor of i and 243?
27
Suppose -4*g = -r + 21, 3*r - 90 = -g - 14. Let v be ((-22)/5)/((-2)/20). Let z = v - r. Calculate the highest common divisor of 76 and z.
19
Suppose -5*n + 77 = -88. Suppose -2*s - s = -n. Calculate the greatest common divisor of s and 88.
11
Let n be (1 - 0)/(6/60). Suppose -2*v = -0*v - n. Suppose 4*d = -v*p + 156, -5*d - 3*p = 2*p - 195. Calculate the greatest common factor of 26 and d.
13
Let o(y) = 7*y**2 - 33*y - 12. Let v be o(9). Suppose 7*w = v - 55. Calculate the greatest common factor of 203 and w.
29
Let q be 114/(-4)*(-210)/45. Let n = q + -93. Let c = 2 - -3. What is the highest common divisor of c and n?
5
Suppose 8*p + 213 = 2*x + 3*p, -207 = -2*x - p. Let h(n) = 9*n - 1. Let v be h(3). Suppose y - v = -y. Calculate the highest common divisor of y and x.
13
Let w(r) be the first derivative of r**4/4 + 4*r**3/3 + 3*r**2/2 + 3*r + 41. Let a = -3 - 0. Let x be w(a). What is the highest common factor of 24 and x?
3
Suppose -46 = -5*q - 16. Let v = -1 + q. Let u be 827/5 - 2/v. What is the highest common divisor of 15 and u?
15
Let z(b) = b - 5. Suppose 0 = f + 6 - 5. Let w = f + 10. Let n be z(w). Calculate the highest common factor of 44 and n.
4
Let k be (-4)/12*(1 + -1). Suppose -3*o - 15 = 0, -o + k + 65 = 2*u. Suppose 5*a - 20 = u. What is the greatest common divisor of 11 and a?
11
Suppose 3*d = 4*t - 3, -3*t = -4*d + 7 - 4. Suppose 636 = 3*g - 3*y, 2*g + 222 - 642 = d*y. What is the highest common factor of g and 27?
27
Let i = 562 + -330. Calculate the highest common divisor of 29 and i.
29
Let a = -1968 + 1988. Calculate the highest common factor of 128 and a.
4
Let r be (4 + 56/(-10))/((-10)/175). Calculate the highest common divisor of 574 and r.
14
Let s be (-51)/2*18/9. Let q be ((-748)/s)/(1/3). Calculate the greatest common factor of q and 33.
11
Suppose 0 = -3*o + 62 - 20. Suppose o - 2 = 2*j. Calculate the highest common factor of j and 9.
3
Let t be 558 - 0/(4 + -2). Suppose 5*j + 228 = t. Let p = 64 - 20. What is the highest common factor of p and j?
22
Suppose 56*y - 67*y + 26598 = 0. Calculate the greatest common divisor of y and 13.
13
Let n be (-20)/10 + -1*14. Let x = n + 30. What is the highest common factor of 42 and x?
14
Let s(b) = -b**3 + 17*b**2 + 23*b - 52. Let i be s(18). Calculate the highest common factor of i and 171.
19
Suppose 4*n - 13*n + 18 = 0. Suppose n*h - 57 = -37. Calculate the greatest common factor of 5 and h.
5
Suppose 0 = m + m - 256. Let b = -2530 + 2546. Calculate the greatest common factor of m and b.
16
Suppose 2*w + 5*d - 54 = 9, 54 = 2*w + 2*d. Calculate the highest common divisor of w and 852.
12
Let m = 25 - 13. Let w(q) = 22*q**2 + 7*q - 6. Let r be w(2). Calculate the greatest common divisor of r and m.
12
Suppose 2*a - 3 = -1, -4*a = 2*k - 124. What is the highest common factor of 480 and k?
60
Let c = 5826 + -4107. Calculate the greatest common factor of c and 9.
9
Let m be 1 + 22892/10 + (-288)/(-360). Calculate the highest common divisor of m and 79.
79
Suppose 2*y + 4 = -0, -274 = -4*w + 5*y. Calculate the greatest common divisor of 10 and w.
2
Let x = 1564 + -1486. What is the greatest common factor of x and 24?
6
Let q = 7 - 19. Let l(a) = -2*a + 6. Let p be l(q). Let v = 78 + p. What is the greatest common factor of 12 and v?
12
Let a = -71 + 191. Suppose -2*z + 56 - 30 = k, -3*k - 72 = -4*z. Calculate the highest common divisor of a and z.
15
Suppose 0*l = 2*l - 4*t + 38, -2*t = 6. Suppose -5*r + 0*f = f + 96, -f - 16 = r. Let j = r - l. What is the greatest common divisor of 35 and j?
5
Let n = 6 - -4. Let x = -2 + n. Suppose 0 = -i + 39 + 25. What is the highest common factor of i and x?
8
Suppose -20 = -2*n - 3*r, 5*n = 230*r - 231*r + 50. What is the greatest common divisor of 335 and n?
5
Let b = 1 - -4. Let p be 150/b*(0 + 1). Suppose 4*w - 2*h - 10 = 3*w, -h = 0. Calculate the greatest common divisor of w and p.
10
Suppose -2*h + 7*h = 15. Let q(d) = -d**2 - 663*d + 4016. Let s be q(6). What is the greatest common factor of h and s?
1
Let a(n) = n**3 + 3*n**2 - 16*n + 6. Let z be a(-6). Let y(i) = -32*i + 4. Let u be y(z). What is the greatest common factor of 28 and u?
28
Let l(a) = -5*a - 4. Let n be l(-5). Suppose 3*h + 84 = 4*h. Suppose 2*x - h = x. Calculate the greatest common factor of x and n.
21
Let s(t) = 4*t + 1. Let f be s(1). Suppose 5*c - 123 + 23 = 0. Suppose c = f*g - g. What is the greatest common divisor of 40 and g?
5
Suppose -66*i + 22 + 176 = 0. Calculate the highest common divisor of i and 48.
3
Suppose a + 18 = 3*r, 4*a = -r - 26 + 32. Let i(q) = -q**2 - 6*q - 2. Let s be i(-4). What is the highest common factor of r and s?
6
Suppose 4*s - 196 = 4*y, -y + 130 + 145 = 5*s. Let a be (-835)/10 + (-3)/2. Let i = a + 91. Calculate the highest common factor of s and i.
6
Let l(b) = -b + 1. Let p be l(-5). Suppose -3*o = 5 - 32. What is the greatest common factor of o and p?
3
Let b(s) = -552 + 552 + 64*s. Let i(z) = z**3 - 5